
2
Let z = 459 - 264. Suppose 0 = 4*x + x - z. What is the units digit of x?
9
Let d(n) = n**3 + 7*n**2 - n - 5. Let z be d(-7). Let b(a) = 16*a**2 + a. Let x be b(2). What is the units digit of z/3 + x/9?
8
Let i = 210 - 327. What is the units digit of 3/(-6) - i/6?
9
Suppose 343 = 2*c - 247. What is the hundreds digit of c?
2
Suppose -64 = -3*d + 2*z, 2*d - z - 42 = z. What is the tens digit of d?
2
Let j(c) = -c**2 - 11*c + 3. Let p(g) = 4*g - 5*g - 1 + 2. Let z(y) = -j(y) + 6*p(y). What is the units digit of z(-6)?
9
Let w = -1 + -1. Let m be ((-8)/12)/(w/15). Suppose -10 = -m*t - 0. What is the units digit of t?
2
Suppose 0 = -2*r - 0*r + 50. What is the tens digit of r?
2
Let j = 279 - 157. What is the hundreds digit of j?
1
Let q(j) = -j**2 - j + 1. Let s(d) = 7*d**2 - 8*d - 6. Let g(m) = -6*q(m) - s(m). What is the tens digit of g(6)?
4
Suppose -3*r - 86 = -452. What is the tens digit of r?
2
Let x be (2 - 4)/(4/18). What is the tens digit of (24/x)/2*-12?
1
Suppose -4*b + 20 = -28. Suppose -2 = v - 4*g, -v = 5*g - 22 - b. What is the units digit of v?
4
Suppose -202 = -21*z + 19*z. What is the tens digit of z?
0
Let c(n) = 2*n**3 - 3*n**2 + n + 3. Let j be c(3). Let t = j - 21. What is the tens digit of t?
1
Let u(v) = 6*v - 12. What is the tens digit of u(13)?
6
Let k(m) = -m**3 + m - 7*m**2 + 7*m**2 + 6 - 12*m**2. Let t be k(-12). What is the units digit of 7/2 + t/4?
2
Let y(c) = -c**3 + 10*c**2 + c - 4. What is the tens digit of y(9)?
8
Suppose 0 = 11*c - 6*c - 395. What is the units digit of c?
9
Let t(r) = 3*r + 10. Let d(q) = 7*q + 20. Let i(n) = 4*d(n) - 9*t(n). Let h be i(7). What is the tens digit of (-3)/(-6)*h*-10?
1
Let c(s) = -5*s + 4. Let r be c(5). What is the units digit of 6/r + 9/7?
1
Suppose 4*a = u + 64, -3*a - 5*u + 37 = -2*a. What is the tens digit of a?
1
Suppose 2 = 2*o - 2. Suppose -w = -0*w + 2, 76 = o*y - 3*w. What is the tens digit of y?
3
Suppose -2*g + 2*w = -0*g - 182, 197 = 2*g + 3*w. What is the units digit of g?
4
Let p(n) = 75*n**2 + 3*n. What is the units digit of p(-1)?
2
Suppose -104 + 8 = -2*m. What is the tens digit of m?
4
Suppose 6*h = h + 55. Suppose -h = -3*c + 16. What is the units digit of c?
9
Suppose 3*v = -f + 4*v + 198, 0 = f + 2*v - 186. What is the hundreds digit of f?
1
Let w be (6/(-5))/((-6)/20). Suppose 0*g - 64 = -w*g. What is the tens digit of g?
1
Suppose r + 1 = -3, -68 = -5*d + 2*r. What is the tens digit of d?
1
What is the tens digit of 26 + (-6)/2 - -3?
2
Suppose 4*q = 2*q + 146. What is the tens digit of q?
7
Suppose 2*z - 3*u - 3 = 0, -5*u - 6 = -1. Let i = z - 0. Suppose -3*a - 2*j + 32 = i, j + 3*j = 3*a - 44. What is the units digit of a?
2
Let t = 5 + -12. Let x = t - -10. Suppose 5*d - 14 = -x*c, -6*c + 3*c = 2*d - 20. What is the units digit of c?
8
Suppose -3*d = -2*d - 1. Let o be d + (1 - 0)*44. What is the units digit of (2/(-3))/((-10)/o)?
3
Let u(b) = b**3 + 10*b**2 + 9*b - 9. Let n be u(-9). Let c be 2/(12/n + 2). What is the units digit of (c - 1)/(5 + -3)?
1
Let q(t) = t**2 - 4*t - 3. Let m be q(4). Let g be (-3 + 2)/(m/(-3)). Let p = 12 + g. What is the tens digit of p?
1
Let p be 2/(3/((-63)/(-6))). Let t = p + -4. Suppose 2*b + 2*m - 18 = -2*m, -4*m - t = -5*b. What is the units digit of b?
3
Let i be (-1)/(-4) - 83/(-4). Suppose 4*a - 61 + i = 0. What is the units digit of a/2*2/2?
5
What is the units digit of (-2)/(-7) + 429/91?
5
Suppose 2*w - 7*w = -165. Suppose 3 = -k + w. What is the tens digit of k?
3
Suppose 6*q = q + 10. Suppose 2*p + r = 16, -5*r - 20 = -4*p - r. Suppose -p = 3*d - 2*d - q*v, 0 = 5*d + 2*v - 13. What is the units digit of d?
1
Let w(x) = -x**3 - x**2 + 2*x. Let v be w(-4). Let f = v - 24. Suppose 4*g - 8*g = -f. What is the units digit of g?
4
Let c = -7 - -10. Suppose 0 = -c*j - 0*j + 27. Let g = j + -5. What is the units digit of g?
4
Let p(a) = -11*a**2 - 24*a + 8. Let y(m) = -7*m**2 - 16*m + 5. Let g(u) = -5*p(u) + 8*y(u). What is the tens digit of g(-6)?
1
Let c be (4 - (0 + 3))*-6. Let s be 104/c*3/(-2). Let p = s + -18. What is the units digit of p?
8
Let o = -38 - -93. What is the tens digit of o?
5
Suppose 11 + 1 = g. Suppose 21 = 5*a + 2*b, 2*a - a + g = 5*b. Suppose -a*p - 20 = p, 8 = c - p. What is the units digit of c?
3
Let g(y) = -y - 7. Let z(v) = 1. Let r(i) = -4*g(i) - 36*z(i). Let j be r(8). Suppose -t + 6 = 5*u, -u + 6*u + j = 4*t. What is the units digit of t?
6
Let t = 1 + 3. Suppose -5*a + t*a + 12 = 0. Suppose -4*v + a = -0*v. What is the units digit of v?
3
Let g be -2*(-4 - (-33)/(-1)). Suppose 0 = -5*x + 121 + g. What is the units digit of x?
9
Let y = 10 - -16. What is the tens digit of y?
2
Suppose -6*i + 612 - 66 = 0. What is the tens digit of i?
9
Suppose -5*f - 3*m - 474 = -89, -250 = 3*f - 2*m. What is the units digit of f/(-6)*(-6)/(-5)?
6
Suppose 2*a - 6 - 10 = 0. Let x = 0 + a. What is the units digit of x?
8
Let n = 18 + -34. Let y = n - -34. What is the units digit of y?
8
Suppose 0*v - 2*v + 14 = 0. Suppose p + 0 - v = 0. What is the units digit of p?
7
Let c be (5 - 2)*-3*-2. Suppose -i - i + c = 0. Suppose 2*n + 0*j = -2*j + 24, -3*j + i = 0. What is the units digit of n?
9
Suppose -6*p = -11*p + 15. What is the units digit of p?
3
Let l = -98 + 27. Let i = -28 - l. What is the units digit of i?
3
Let z(l) = -l**2 - 20*l + 13. What is the tens digit of z(-18)?
4
Let q(l) = -l**2 - 1. Let y(o) = 4*o**2 - 2*o + 1. Let j(g) = 2*q(g) + y(g). Let v = 5 + -3. What is the units digit of j(v)?
3
Let v(a) = a**3 - 8*a**2 + 2. Let y be v(8). Suppose y*q - 23 - 17 = 0. What is the tens digit of q?
2
Suppose 4*b + 4*z - 204 = 0, -4*b = -2*z - 138 - 60. What is the tens digit of b?
5
Let t(w) = -3*w - 2. Let n be t(-4). Let l be 24/(-10)*n/(-3). Suppose l = i - 2. What is the tens digit of i?
1
Let s(i) = -i**2 - 10*i + 4. Let x be s(-10). Let m = -7 + x. Let z = 8 + m. What is the units digit of z?
5
Suppose 78 = -21*n + 24*n. What is the units digit of n?
6
Let b be (-4)/((-1)/((-1)/2)). What is the units digit of 5*2/(-20)*b?
1
Suppose 4*w + 2*i + 14 = 0, 3*w + i - 4*i = -15. Let n = w + 4. Suppose n*f = 5*f - 5. What is the units digit of f?
1
Let j(r) = r**3 + r**2 - r - 4. What is the tens digit of j(3)?
2
Let b(t) be the third derivative of t**4/12 + t**3/6 - 20*t**2. Let v = -1 + 4. What is the units digit of b(v)?
7
Let j = -318 + 562. What is the units digit of j?
4
Suppose -22*s + 24*s - 326 = 0. What is the hundreds digit of s?
1
Let y(x) = 2*x + 2 + 4*x**2 - 3*x**2 - 5*x. Let b be y(3). What is the units digit of (1 - b)/(3/(-21))?
7
Suppose -6*a - 5*u = -4*a - 613, 2*a = -2*u + 604. What is the units digit of a?
9
Suppose j - 2 = 3*z, 3*j + 4 = -z - 10. Let i(q) = -2*q - 2. Let n be i(z). Suppose 4*y - n = 2*y. What is the units digit of y?
1
Let r be 9/(-6)*-4*1. What is the units digit of 12 - (r/(-2))/(-3)?
1
Let v(x) = -x + 1. Let p be v(-1). Let q = p + -1. What is the units digit of (0 - q)/(5/(-45))?
9
Let u be 15/(-10) - (-1)/(-2). Let w(h) = -h**3 + 2*h**2 - 2*h - 1. Let j be w(u). Let b = j - 11. What is the units digit of b?
8
Let n be -3 + (-3 + -4)*-3. Suppose 4*l = -w + 7 + 8, 0 = l + 5*w - n. What is the units digit of l?
3
Suppose 4*t + 2*y - 106 = 0, 0 = -8*t + 5*t + 3*y + 93. Suppose -m - t = -2*m. What is the units digit of m?
8
Suppose -4*s = q - 137 - 29, -5*q = 3*s - 796. What is the hundreds digit of q?
1
Let w(q) = -q**3 + q**2 - q + 42. What is the tens digit of w(0)?
4
Suppose k = -2*k + 33. Let r(w) = -w**2 + 12*w + 5. What is the units digit of r(k)?
6
Let w(m) = -19*m**3 - m**2 + m + 1. Let x = -1 - -1. Let h = x - 1. What is the units digit of w(h)?
8
Let q = 15 - -5. What is the units digit of q?
0
Let y(m) = -m**3 + 8*m**2 + 2*m - 8. Let r be y(8). Let q be 9/(-6)*r/3. Let b(v) = v**3 + 6*v**2 + 5*v - 1. What is the tens digit of b(q)?
1
Suppose -3*d + 20 = d. Suppose -5*v + 5*u = -80, 65 + d = 4*v - u. What is the units digit of v?
8
Let r(p) = 3*p**2 - 3*p. Let a be r(3). Suppose -a + 6 = -4*f. Let m(j) = 2*j**2 - 2*j - 4. What is the units digit of m(f)?
8
Let f be 3*2/(-2) - -55. Suppose -x - 3*x = -f. What is the units digit of x?
3
Let q = 3 - -28. What is the units digit of q?
1
Suppose 5*y - 2*u + 10 = 0, y - 4*u + 6 = -2*y. Let p = 5 + y.